{"id":3011,"date":"2021-01-04T08:17:18","date_gmt":"2021-01-04T08:17:18","guid":{"rendered":"https:\/\/kamienneblaty.pl\/sklep\/?post_type=product&#038;p=3011"},"modified":"2025-05-31T10:38:31","modified_gmt":"2025-05-31T10:38:31","slug":"stolik-industrialny-z-blatem-z-lastryko","status":"publish","type":"product","link":"https:\/\/kamienneblaty.pl\/sklep\/produkt\/stolik-industrialny-z-blatem-z-lastryko\/","title":{"rendered":"Stolik industrialny loftowy z blatem z lastryko"},"content":{"rendered":"<p data-start=\"118\" data-end=\"695\">Industrialny stolik loftowy z blatem z lastryko to wyj\u0105tkowe po\u0142\u0105czenie surowego stylu i ponadczasowej elegancji.<\/p>\n<p data-start=\"118\" data-end=\"695\">Blat z oryginalnego terrazzo przyci\u0105ga wzrok swoj\u0105 struktur\u0105 i kolorem, a solidna stalowa podstawa podkre\u015bla charakter loftowego designu.<\/p>\n<p data-start=\"118\" data-end=\"695\">To idealny wyb\u00f3r do nowoczesnych wn\u0119trz \u2013 zar\u00f3wno jako stolik kawowy, pomocniczy czy dekoracyjny.<\/p>\n<p data-start=\"118\" data-end=\"695\">Dzi\u0119ki swojej trwa\u0142o\u015bci i wyrazistemu wygl\u0105dowi sprawdzi si\u0119 w salonie, sypialni, a tak\u017ce w przestrzeniach komercyjnych, takich jak showroomy czy biura.<\/p>\n<p>Rozmiar blatu z lastryko: 90cm x 48cm.<\/p>\n<p><strong>Czas realizacji zam\u00f3wienia: 15 dni roboczych.<\/strong><\/p>\n","protected":false},"excerpt":{"rendered":"<p>Industrialny stolik loftowy z blatem z lastryko to wyj\u0105tkowe po\u0142\u0105czenie surowego stylu i ponadczasowej elegancji. Blat z oryginalnego terrazzo przyci\u0105ga wzrok swoj\u0105 struktur\u0105 i kolorem, a solidna stalowa podstawa podkre\u015bla charakter loftowego designu. To idealny wyb\u00f3r do nowoczesnych wn\u0119trz \u2013 zar\u00f3wno jako stolik kawowy, pomocniczy czy dekoracyjny. Dzi\u0119ki swojej trwa\u0142o\u015bci i wyrazistemu wygl\u0105dowi sprawdzi si\u0119 [&hellip;]<\/p>\n","protected":false},"featured_media":3014,"template":"","meta":[],"product_brand":[],"product_cat":[73,15],"product_tag":[250,254,251,253,146,144,82,139,83,252,249],"class_list":{"0":"post-3011","1":"product","2":"type-product","3":"status-publish","4":"has-post-thumbnail","6":"product_cat-dodatki","7":"product_cat-wszystkie","8":"product_tag-blat-terrazzo","9":"product_tag-loftowy-design","10":"product_tag-meble-industrialne","11":"product_tag-meble-na-wymiar","12":"product_tag-nowoczesny-stolik","13":"product_tag-stolik-do-salonu","14":"product_tag-stolik-industrialny","15":"product_tag-stolik-kawowy","16":"product_tag-stolik-loftowy","17":"product_tag-stolik-pomocniczy","18":"product_tag-stolik-z-lastryko","20":"first","21":"instock","22":"taxable","23":"shipping-taxable","24":"purchasable","25":"product-type-simple"},"yoast_head":"<!-- This site is optimized with the Yoast SEO plugin v27.3 - https:\/\/yoast.com\/product\/yoast-seo-wordpress\/ -->\n<title>Stolik industrialny loftowy z blatem z lastryko \u2013 styl i trwa\u0142o\u015b\u0107<\/title>\n<meta name=\"description\" content=\"Designerski stolik loftowy z blatem z lastryko \u2013 idealny do nowoczesnych wn\u0119trz. Po\u0142\u0105czenie trwa\u0142o\u015bci, stylu i unikalnego charakteru terrazzo.\" \/>\n<meta name=\"robots\" content=\"index, follow, max-snippet:-1, max-image-preview:large, max-video-preview:-1\" \/>\n<link rel=\"canonical\" href=\"https:\/\/kamienneblaty.pl\/sklep\/produkt\/stolik-industrialny-z-blatem-z-lastryko\/\" \/>\n<meta property=\"og:locale\" content=\"pl_PL\" \/>\n<meta property=\"og:type\" content=\"article\" \/>\n<meta property=\"og:title\" content=\"Stolik industrialny loftowy z blatem z lastryko \u2013 styl i trwa\u0142o\u015b\u0107\" \/>\n<meta property=\"og:description\" content=\"Designerski stolik loftowy z blatem z lastryko \u2013 idealny do nowoczesnych wn\u0119trz. Po\u0142\u0105czenie trwa\u0142o\u015bci, stylu i unikalnego charakteru terrazzo.\" \/>\n<meta property=\"og:url\" content=\"https:\/\/kamienneblaty.pl\/sklep\/produkt\/stolik-industrialny-z-blatem-z-lastryko\/\" \/>\n<meta property=\"og:site_name\" content=\"Kamieniarstwo ABC Sklep\" \/>\n<meta property=\"article:modified_time\" content=\"2025-05-31T10:38:31+00:00\" \/>\n<meta property=\"og:image\" content=\"https:\/\/kamienneblaty.pl\/sklep\/wp-content\/uploads\/2021\/01\/metalowy-stolik-z-blatem-z-lastryko.jpeg\" \/>\n\t<meta property=\"og:image:width\" content=\"750\" \/>\n\t<meta property=\"og:image:height\" content=\"513\" \/>\n\t<meta property=\"og:image:type\" content=\"image\/jpeg\" \/>\n<meta name=\"twitter:card\" content=\"summary_large_image\" \/>\n<meta name=\"twitter:label1\" content=\"Szacowany czas czytania\" \/>\n\t<meta name=\"twitter:data1\" content=\"1 minuta\" \/>\n<script type=\"application\/ld+json\" class=\"yoast-schema-graph\">{\"@context\":\"https:\\\/\\\/schema.org\",\"@graph\":[{\"@type\":\"WebPage\",\"@id\":\"https:\\\/\\\/kamienneblaty.pl\\\/sklep\\\/produkt\\\/stolik-industrialny-z-blatem-z-lastryko\\\/\",\"url\":\"https:\\\/\\\/kamienneblaty.pl\\\/sklep\\\/produkt\\\/stolik-industrialny-z-blatem-z-lastryko\\\/\",\"name\":\"Stolik industrialny loftowy z blatem z lastryko \u2013 styl i trwa\u0142o\u015b\u0107\",\"isPartOf\":{\"@id\":\"https:\\\/\\\/kamienneblaty.pl\\\/sklep\\\/#website\"},\"primaryImageOfPage\":{\"@id\":\"https:\\\/\\\/kamienneblaty.pl\\\/sklep\\\/produkt\\\/stolik-industrialny-z-blatem-z-lastryko\\\/#primaryimage\"},\"image\":{\"@id\":\"https:\\\/\\\/kamienneblaty.pl\\\/sklep\\\/produkt\\\/stolik-industrialny-z-blatem-z-lastryko\\\/#primaryimage\"},\"thumbnailUrl\":\"https:\\\/\\\/kamienneblaty.pl\\\/sklep\\\/wp-content\\\/uploads\\\/2021\\\/01\\\/metalowy-stolik-z-blatem-z-lastryko.jpeg\",\"datePublished\":\"2021-01-04T08:17:18+00:00\",\"dateModified\":\"2025-05-31T10:38:31+00:00\",\"description\":\"Designerski stolik loftowy z blatem z lastryko \u2013 idealny do nowoczesnych wn\u0119trz. Po\u0142\u0105czenie trwa\u0142o\u015bci, stylu i unikalnego charakteru terrazzo.\",\"breadcrumb\":{\"@id\":\"https:\\\/\\\/kamienneblaty.pl\\\/sklep\\\/produkt\\\/stolik-industrialny-z-blatem-z-lastryko\\\/#breadcrumb\"},\"inLanguage\":\"pl-PL\",\"potentialAction\":[{\"@type\":\"ReadAction\",\"target\":[\"https:\\\/\\\/kamienneblaty.pl\\\/sklep\\\/produkt\\\/stolik-industrialny-z-blatem-z-lastryko\\\/\"]}]},{\"@type\":\"ImageObject\",\"inLanguage\":\"pl-PL\",\"@id\":\"https:\\\/\\\/kamienneblaty.pl\\\/sklep\\\/produkt\\\/stolik-industrialny-z-blatem-z-lastryko\\\/#primaryimage\",\"url\":\"https:\\\/\\\/kamienneblaty.pl\\\/sklep\\\/wp-content\\\/uploads\\\/2021\\\/01\\\/metalowy-stolik-z-blatem-z-lastryko.jpeg\",\"contentUrl\":\"https:\\\/\\\/kamienneblaty.pl\\\/sklep\\\/wp-content\\\/uploads\\\/2021\\\/01\\\/metalowy-stolik-z-blatem-z-lastryko.jpeg\",\"width\":750,\"height\":513},{\"@type\":\"BreadcrumbList\",\"@id\":\"https:\\\/\\\/kamienneblaty.pl\\\/sklep\\\/produkt\\\/stolik-industrialny-z-blatem-z-lastryko\\\/#breadcrumb\",\"itemListElement\":[{\"@type\":\"ListItem\",\"position\":1,\"name\":\"Strona g\u0142\u00f3wna\",\"item\":\"https:\\\/\\\/kamienneblaty.pl\\\/sklep\\\/\"},{\"@type\":\"ListItem\",\"position\":2,\"name\":\"Kamieniarstwo ABC Sklep\",\"item\":\"https:\\\/\\\/kamienneblaty.pl\\\/sklep\\\/\"},{\"@type\":\"ListItem\",\"position\":3,\"name\":\"Stolik industrialny loftowy z blatem z lastryko\"}]},{\"@type\":\"WebSite\",\"@id\":\"https:\\\/\\\/kamienneblaty.pl\\\/sklep\\\/#website\",\"url\":\"https:\\\/\\\/kamienneblaty.pl\\\/sklep\\\/\",\"name\":\"Kamieniarstwo ABC Sklep\",\"description\":\"R\u0119cznie tworzone produkty z kamienia, lastryko i konglomeratu\",\"publisher\":{\"@id\":\"https:\\\/\\\/kamienneblaty.pl\\\/sklep\\\/#organization\"},\"potentialAction\":[{\"@type\":\"SearchAction\",\"target\":{\"@type\":\"EntryPoint\",\"urlTemplate\":\"https:\\\/\\\/kamienneblaty.pl\\\/sklep\\\/?s={search_term_string}\"},\"query-input\":{\"@type\":\"PropertyValueSpecification\",\"valueRequired\":true,\"valueName\":\"search_term_string\"}}],\"inLanguage\":\"pl-PL\"},{\"@type\":\"Organization\",\"@id\":\"https:\\\/\\\/kamienneblaty.pl\\\/sklep\\\/#organization\",\"name\":\"Kamieniarstwo ABC\",\"url\":\"https:\\\/\\\/kamienneblaty.pl\\\/sklep\\\/\",\"logo\":{\"@type\":\"ImageObject\",\"inLanguage\":\"pl-PL\",\"@id\":\"https:\\\/\\\/kamienneblaty.pl\\\/sklep\\\/#\\\/schema\\\/logo\\\/image\\\/\",\"url\":\"https:\\\/\\\/kamienneblaty.pl\\\/sklep\\\/wp-content\\\/uploads\\\/2021\\\/01\\\/Kamieniarstwo-ABC-1.png\",\"contentUrl\":\"https:\\\/\\\/kamienneblaty.pl\\\/sklep\\\/wp-content\\\/uploads\\\/2021\\\/01\\\/Kamieniarstwo-ABC-1.png\",\"width\":481,\"height\":500,\"caption\":\"Kamieniarstwo ABC\"},\"image\":{\"@id\":\"https:\\\/\\\/kamienneblaty.pl\\\/sklep\\\/#\\\/schema\\\/logo\\\/image\\\/\"}}]}<\/script>\n<!-- \/ Yoast SEO plugin. -->","yoast_head_json":{"title":"Stolik industrialny loftowy z blatem z lastryko \u2013 styl i trwa\u0142o\u015b\u0107","description":"Designerski stolik loftowy z blatem z lastryko \u2013 idealny do nowoczesnych wn\u0119trz. Po\u0142\u0105czenie trwa\u0142o\u015bci, stylu i unikalnego charakteru terrazzo.","robots":{"index":"index","follow":"follow","max-snippet":"max-snippet:-1","max-image-preview":"max-image-preview:large","max-video-preview":"max-video-preview:-1"},"canonical":"https:\/\/kamienneblaty.pl\/sklep\/produkt\/stolik-industrialny-z-blatem-z-lastryko\/","og_locale":"pl_PL","og_type":"article","og_title":"Stolik industrialny loftowy z blatem z lastryko \u2013 styl i trwa\u0142o\u015b\u0107","og_description":"Designerski stolik loftowy z blatem z lastryko \u2013 idealny do nowoczesnych wn\u0119trz. Po\u0142\u0105czenie trwa\u0142o\u015bci, stylu i unikalnego charakteru terrazzo.","og_url":"https:\/\/kamienneblaty.pl\/sklep\/produkt\/stolik-industrialny-z-blatem-z-lastryko\/","og_site_name":"Kamieniarstwo ABC Sklep","article_modified_time":"2025-05-31T10:38:31+00:00","og_image":[{"width":750,"height":513,"url":"https:\/\/kamienneblaty.pl\/sklep\/wp-content\/uploads\/2021\/01\/metalowy-stolik-z-blatem-z-lastryko.jpeg","type":"image\/jpeg"}],"twitter_card":"summary_large_image","twitter_misc":{"Szacowany czas czytania":"1 minuta"},"schema":{"@context":"https:\/\/schema.org","@graph":[{"@type":"WebPage","@id":"https:\/\/kamienneblaty.pl\/sklep\/produkt\/stolik-industrialny-z-blatem-z-lastryko\/","url":"https:\/\/kamienneblaty.pl\/sklep\/produkt\/stolik-industrialny-z-blatem-z-lastryko\/","name":"Stolik industrialny loftowy z blatem z lastryko \u2013 styl i trwa\u0142o\u015b\u0107","isPartOf":{"@id":"https:\/\/kamienneblaty.pl\/sklep\/#website"},"primaryImageOfPage":{"@id":"https:\/\/kamienneblaty.pl\/sklep\/produkt\/stolik-industrialny-z-blatem-z-lastryko\/#primaryimage"},"image":{"@id":"https:\/\/kamienneblaty.pl\/sklep\/produkt\/stolik-industrialny-z-blatem-z-lastryko\/#primaryimage"},"thumbnailUrl":"https:\/\/kamienneblaty.pl\/sklep\/wp-content\/uploads\/2021\/01\/metalowy-stolik-z-blatem-z-lastryko.jpeg","datePublished":"2021-01-04T08:17:18+00:00","dateModified":"2025-05-31T10:38:31+00:00","description":"Designerski stolik loftowy z blatem z lastryko \u2013 idealny do nowoczesnych wn\u0119trz. Po\u0142\u0105czenie trwa\u0142o\u015bci, stylu i unikalnego charakteru terrazzo.","breadcrumb":{"@id":"https:\/\/kamienneblaty.pl\/sklep\/produkt\/stolik-industrialny-z-blatem-z-lastryko\/#breadcrumb"},"inLanguage":"pl-PL","potentialAction":[{"@type":"ReadAction","target":["https:\/\/kamienneblaty.pl\/sklep\/produkt\/stolik-industrialny-z-blatem-z-lastryko\/"]}]},{"@type":"ImageObject","inLanguage":"pl-PL","@id":"https:\/\/kamienneblaty.pl\/sklep\/produkt\/stolik-industrialny-z-blatem-z-lastryko\/#primaryimage","url":"https:\/\/kamienneblaty.pl\/sklep\/wp-content\/uploads\/2021\/01\/metalowy-stolik-z-blatem-z-lastryko.jpeg","contentUrl":"https:\/\/kamienneblaty.pl\/sklep\/wp-content\/uploads\/2021\/01\/metalowy-stolik-z-blatem-z-lastryko.jpeg","width":750,"height":513},{"@type":"BreadcrumbList","@id":"https:\/\/kamienneblaty.pl\/sklep\/produkt\/stolik-industrialny-z-blatem-z-lastryko\/#breadcrumb","itemListElement":[{"@type":"ListItem","position":1,"name":"Strona g\u0142\u00f3wna","item":"https:\/\/kamienneblaty.pl\/sklep\/"},{"@type":"ListItem","position":2,"name":"Kamieniarstwo ABC Sklep","item":"https:\/\/kamienneblaty.pl\/sklep\/"},{"@type":"ListItem","position":3,"name":"Stolik industrialny loftowy z blatem z lastryko"}]},{"@type":"WebSite","@id":"https:\/\/kamienneblaty.pl\/sklep\/#website","url":"https:\/\/kamienneblaty.pl\/sklep\/","name":"Kamieniarstwo ABC Sklep","description":"R\u0119cznie tworzone produkty z kamienia, lastryko i konglomeratu","publisher":{"@id":"https:\/\/kamienneblaty.pl\/sklep\/#organization"},"potentialAction":[{"@type":"SearchAction","target":{"@type":"EntryPoint","urlTemplate":"https:\/\/kamienneblaty.pl\/sklep\/?s={search_term_string}"},"query-input":{"@type":"PropertyValueSpecification","valueRequired":true,"valueName":"search_term_string"}}],"inLanguage":"pl-PL"},{"@type":"Organization","@id":"https:\/\/kamienneblaty.pl\/sklep\/#organization","name":"Kamieniarstwo ABC","url":"https:\/\/kamienneblaty.pl\/sklep\/","logo":{"@type":"ImageObject","inLanguage":"pl-PL","@id":"https:\/\/kamienneblaty.pl\/sklep\/#\/schema\/logo\/image\/","url":"https:\/\/kamienneblaty.pl\/sklep\/wp-content\/uploads\/2021\/01\/Kamieniarstwo-ABC-1.png","contentUrl":"https:\/\/kamienneblaty.pl\/sklep\/wp-content\/uploads\/2021\/01\/Kamieniarstwo-ABC-1.png","width":481,"height":500,"caption":"Kamieniarstwo ABC"},"image":{"@id":"https:\/\/kamienneblaty.pl\/sklep\/#\/schema\/logo\/image\/"}}]}},"_links":{"self":[{"href":"https:\/\/kamienneblaty.pl\/sklep\/wp-json\/wp\/v2\/product\/3011","targetHints":{"allow":["GET"]}}],"collection":[{"href":"https:\/\/kamienneblaty.pl\/sklep\/wp-json\/wp\/v2\/product"}],"about":[{"href":"https:\/\/kamienneblaty.pl\/sklep\/wp-json\/wp\/v2\/types\/product"}],"wp:featuredmedia":[{"embeddable":true,"href":"https:\/\/kamienneblaty.pl\/sklep\/wp-json\/wp\/v2\/media\/3014"}],"wp:attachment":[{"href":"https:\/\/kamienneblaty.pl\/sklep\/wp-json\/wp\/v2\/media?parent=3011"}],"wp:term":[{"taxonomy":"product_brand","embeddable":true,"href":"https:\/\/kamienneblaty.pl\/sklep\/wp-json\/wp\/v2\/product_brand?post=3011"},{"taxonomy":"product_cat","embeddable":true,"href":"https:\/\/kamienneblaty.pl\/sklep\/wp-json\/wp\/v2\/product_cat?post=3011"},{"taxonomy":"product_tag","embeddable":true,"href":"https:\/\/kamienneblaty.pl\/sklep\/wp-json\/wp\/v2\/product_tag?post=3011"}],"curies":[{"name":"wp","href":"https:\/\/api.w.org\/{rel}","templated":true}]}}